+ 4)).
-12
What is the value of -7 + 10 + (-1 - -6) + -4?
4
Calculate 22 - 4 - (20 + -19).
17
What is (10 - 35 - -31) + (-2 - -10)?
14
-212 + 207 - (-5 - (0 + -2 + 2))
0
Calculate 16 - (-15 + -15 + 34).
12
What is 0 - (4 + -2) - (16 - 15)?
-3
What is the value of (-10 - -5) + 14 + (2 - 9)?
2
What is the value of 7 - (-5 - (-16 + 31))?
27
What is 6 - (3 + -3 - (4 - 9))?
1
What is 7 + (6 - (7 - 0) - 4) + -8?
-6
Calculate -5 + (3 - 4) + 20 + (-12 - -3).
5
What is -4 + -7 + 19 + -6 - 11?
-9
(4 - 1 - 8 - (6 - 15)) + -27
-23
(-7 + -2 - (-56 + 44)) + (2 - -13)
18
Evaluate 4 + 0 + (4 - 6) + -4 + 9.
7
What is 12 + 5 + -11 + 8 - (0 - -8)?
6
Evaluate -16 - (-8 - (-1 + 7 + -18 + 5)).
-15
Calculate (0 - 2) + 7 + (-7 - -5).
3
24 + -27 + (2 - -8)
7
Evaluate (0 - 7) + (4 - (-16 + 30)).
-17
What is -17 - (-21 - (-1 - 14))?
-11
(6 - 0) + -11 + (-2 - 8) - 0
-15
Evaluate (-25 + 23 - (-3 - 0)) + 20.
21
34 - 23 - ((0 - -1) + -18)
28
Calculate -27 - (12 - (23 + 9)).
-7
11 - (23 - (2 - (-21 + 10)))
1
What is the value of (-13 + -4 - -2) + (6 - -7)?
-2
Evaluate -30 + 2 - (14 + -3 + 44 + -58).
-25
Evaluate -6 - (-6 + 0 + 0 + -6 - -3).
3
What is 1 - (-1 + (1 - -3) + -8 + 1)?
5
1 + 13 - (-1375 - -1373)
16
Calculate 0 + 8 + (-14 - (41 + -34)).
-13
What is 9 + (-15 + 11 - -9)?
14
What is the value of (1 - 0) + (271 - 252) + -34?
-14
Calculate -4 - (5 + -7 + 0).
-2
-3 - 1 - (-57 + (2 - -12) - -11)
28
Calculate -5 + (-23 - -5) + 10 + 35.
22
Evaluate -14 + (2 - (10 + -19)).
-3
What is 11 + (-11 - -8) - (-12 - -15)?
5
What is (-2 - ((-17 - -18) + -19)) + 11 + -1?
26
Evaluate (-12 - (7 + 3)) + -2.
-24
What is 21 + (-39 - -15 - 7)?
-10
Evaluate (0 - (-21 + 24)) + 10.
7
Evaluate 12 + (-3 - 2) + -13.
-6
Calculate 1 - (1 - -5) - (-4 + -9).
8
Calculate -3 - (3 - (3 + 7 + -13 + 30)).
21
What is the value of 8 + (-23 - -11) + (-3 - -6)?
-1
Evaluate 3 + (-14 - -4) + 2.
-5
What is the value of 10 - 0 - (18 - (11 + 12 - 11))?
4
Calculate 15 + 3 + -14 + 23 - (6 + -1).
22
Calculate 9 - (16 + (27 - 24 - (14 - 2))).
2
What is the value of 7 - 3 - (2 + -2 + 9)?
-5
What is 18 + (26 - (39 - 17))?
22
What is -1 + 10 - (19 - 49 - -24)?
15
What is (0 - -11) + (40 - -8) + -43?
16
What is 4 + 4 - (-3 - -10)?
1
Calculate 4 + -46 + (34 - -45).
37
16 - 17 - (-2 - (-7 - (0 - 1)))
-5
2 + 13 - (87 - 70)
-2
Calculate 6 + 2 - (48 - 40) - 0.
0
Evaluate 34 + -30 + (43 - 24).
23
Calculate 18 + -39 + -6 + -1 + 5.
-23
Calculate 3 - (-8 + 5) - 8.
-2
-8 + -18 + 43 - 1
16
0 + 9 + (-25 - (-37 - -23))
-2
-11 + 0 + -7 - (14 - 17)
-15
-7 + (-3 - 6) + 6
-10
Calculate (-4 - (-19 - -19)) + -14 + -1.
-19
What is the value of (45 - 62) + (-3 - -33)?
13
What is the value of (13 + -15 - 28) + 34?
4
Evaluate 6 + (9 - (-42 + 51 + (1 - 8))).
13
Evaluate (-156 - -147) + 0 + 3.
-6
What is -2 + 31 - (43 + 5)?
-19
Calculate (13 - ((7 - -1) + -8)) + -11.
2
What is the value of (23 - (38 - 10)) + (0 - 12)?
-17
Evaluate 4 - (1 - (-8 + (4 - -2)) - 0).
1
Evaluate -1 - -2 - (8 + -30 + 5 + 0).
18
Evaluate 2 + 35 + 3 + -19 - -10.
31
Evaluate -1 - 8 - (33 - 43) - (4 - -1).
-4
Evaluate (9 - 17) + 4 + (-2 - -1).
-5
What is 13 + (179 - 191 - (-14 + 2 + 1))?
12
(-2 + (5 - 5) - -9) + -21
-14
What is -12 - -28 - (-31 - -31)?
16
Evaluate (39 - 2) + (-80 - -13).
-30
What is the value of (7 - 14) + (6 - (-3 - 7 - -4))?
5
What is 7 + -22 + (-37 - -37) + (1 - -11)?
-3
-6 + (0 - -5) - (-12 - -5 - -6)
0
Evaluate -31 + 37 + (4 - 5 - 19) + -3.
-17
Evaluate (-1 - 13 - (-2 + 3)) + 266 + -270.
-19
Calculate (-1 - 2) + (-5 - 0) + 45 + -42.
-5
What is the value of -37 - (6 - (-10 + 43))?
-10
-23 - (-9 - (18 + -20))
-16
Evaluate -7 - (-14 + -4 + -9).
20
What is the value of -3 - (7 - 0 - (6 + -6 - -21))?
11
-9 + 2 - (-72 - -67)
-2
What is the value of -8 + (7 + -2 - (-21 + 27)) + 2?
-7
What is the value of (16 - 15) + (-5 - 11) + -7?
-22
What is the value of (-10 - 5) + 23 - -4?
12
Evaluate -14 + 23 - (7 + -1 + (21 - 19)).
1
What is the value of -18 + (61 - 27) + (-44 - 0)?
-28
Calculate 2 - -16 - (139 - 126).
5
What is -18 + 6 + -5 + 9?
-8
Calculate -3 + -9 + 4 - -2 - (1 + -2).
-5
What is (-23 - -22) + (-6 - 3)?
-10
What is the value of -22 + (61 - 23) - 34?
-18
(7 - -9) + (3 - 8)
11
What is the value of -12 + (11 - 19) + (10 - 10)?
-20
18 - (19 - 23) - -2
24
9 + -1 - (9 - ((17 - 6) + -11))
-1
Calculate -1 + (-11 + 10 - -5 - 0).
3
Calculate -5 + (31 - 13) - (4 - 3).
12
Evaluate (-5 - (8 - 9)) + (13 - (-4 + 2)).
11
What is the value of (5 - (-3 + -3)) + 66 + -75?
2
-16 + 8 - (5 - 11)
-2
Evaluate (-12 + (4 - -1) - (-11 + -4)) + 3.
11
Calculate 6 - 17 - (-9 - -5).
-7
What is the value of -8 - (1 + (6 - (12 + (5 - 4))))?
-2
What is the value of -8 - (-12 - -6) - (-17 + 2)?
13
What is the value of -22 - -6 - (-15 - -12)?
-13
Evaluate 10 + -20 - -2 - -3.
-5
Evaluate (1 - 5) + (-1 + -11 - (-46 - -49)).
-19
Calculate -13 + (7 - -2) + 0 + -9.
-13
What is the value of (0 - (-13 - 7)) + -10?
10
28 + (-8 + 24 - (-2 + 35))
11
Calculate -10 - (-20 + (-17 - -43)).
-16
What is -1 + 0 + (49 - 22) + -15?
11
What is (-16 - 37) + 34 - -7?
-12
Calculate (9 - (-3 + 9)) + -5 + -1 + 7.
4
(-1 - 6) + 4 + -1 + 4
0
-8 + 11 + -10 + 7 - (9 - 10)
1
What is the value of 11 + (-53 - -29) + 1?
-12
-4 + 3 + (50 - 20 - 27)
2
What is the value of 28 - (-4 - (-10 + 11 + -18))?
15
What is the value of 13 + 4 - (9 + (2 - 2) + -10)?
18
What is (39 - 28) + -10 + 4?
5
-7 + -17 - (7 - 18) - -18
5
Calculate (-7 - -15) + (-18 - (-10 + 9 + -11)).
2
Evaluate -31 + (-12 - -9) + (-1 - -3) - 1.
-33
What is the value of -2 - (-8 - (-7 - 6)) - -7?
0
What is the value of -7 - (-9 + 4) - -1?
-1
What is the value of -9 + -7 + 15 - (11 - 7) - -5?
0
What is the value of -4 + -1 + 6 + -26 + 22?
-3
What is the value of 2 + -2 + (15 - 24) + -2?
-11
Calculate 10 + (14 + (-4 - 9) - 15).
-4
-1 - (5 + 6) - (-23 + 7)
4
What is 14 - (14 + -6 + 3) - -9?
12
What is the value of 0 - -43 - (7 + -11 + 16)?
31
Evaluate (-1 - 9) + (-25 + 11 - -9).
-15
Evaluate (18 + -24 - (2 + 2 + -1)) + -4.
-13
What is 26 + -4 + -31 + -12?
-21
What is (29 - 49) + 31 - -15?
26
What is (1 - 18 - (-119 + 111)) + -7?
-16
1 + 15 - (38 - 20)
-2
What is -51 + 35 + 29 + 0 + 7?
20
Evaluate (14 - 16) + 2 + 14.
14
Calculate 0 - (5 + 0 + -19 + 5 - 2).
11
What is the value of -23 + 2 + 1 + 13?
-7
Evaluate 12 - ((-1 + -2 - 5) + 4 + 7).
9
Calculate (43 - 22 - 9) + -25.
-13
Calculate (0 - (11 + 4)) + 10.
-5
Calculate -1 - 1 - (-3 - (-14 + (21 - 10))).
-2
Evaluate 2 + 1 + 6 + -6 - (5 - 3).
1
Calculate 1 - -22 - 12 - (-1 + 1 - -5).
6
What is the value of 12 - (3 - 1) - (50 - (51 + -22))?
-11
-12 + (24 - 9) + 3
6
What is the value of 11 + -4 + 9 + -11 - -7?
12
Evaluate -1 + (8 + 2 - (-21 - -48)).
-18
What is -3 - (1 + 6 + -30 + 25) - -3?
-2
Calculate -1 + (-2 - -3) - (-4 - -10 - 2).
-4
Calculate (1 - -14 - -20) + -24.
11
Evaluate (-9 - -13) + -10 - (-4 + -4 + 1).
1
What is (2 - 8) + (7 - 10) + -1 + 15?
5
Evaluate (23 - (-27 + 14)) + -20.
16
What is (-77 - -67) + -11 + 1?
-20
What is the value of -4 - 2 - (3 + 2 + 0 + 0)?
-11
58 + -79 + (3 - (-6 + 3) - 3)
-18
What is the value of (-13 - -11) + (0 - (2 + (-1 - 0)))?
-3
Calculate 82 + (-39 + -36 - -31).
38
What is the value of (5 - 9 - -39) + -40?
-5
What is the value of -4 + -14 + (-2 - -10 - -5)?
-5
What is 3 - (0 + -6 + (-6 - -8) + 3)?
4
Calculate 8 + -1 + 1 + -11 + (4 - 5).
-4
What is the value of (1 - 0) + -5 + (16 - 18) + -11?
-17
What is -23 + (7 - -3) - 2 - -5?
-10
What is 22 - 8 - (-116 + 109 - (1 + 0))?
22
What is 14 + (-25 - -12) - 2 - (-1 - -5)?
-5
What is -1 + (-4 - -1) + -3 - (-11 + 5)?
-1
What is 18 + (14 - -2 - 3) + -69?
-38
What is -18 + 4 + (16 - 7)?
-5
Calculate -3 + 62 - 60 - (-1 + -12).
12
(-6 - (0 + 10)) + -5 - (-8 - -10)
-23
What is (-11 - 2 - -6) + -2 + 14?
5
Calculate (-1 - (3 + 2 + 13 + -17)) + 20.
18
Calculate (-11 - 4 - 1) + 24.
8
Calculate 10 - -1 - (172 + -171 - (1 + 10)).
21
What is the value of -4 + (-2 - (6 - 3)) + 0?
-9
1 + (7 - -1) - (2 + 21)
-14
Calculate 4 - ((0 - 9) + (16 - 17 - -4)).
10
What is the value of (-2 - -13) + -19 + 11 - (6 + 1)?
-4
Evaluate -31 - (-5 + -24 + -13).
11
What is -2 - -8 - 12 - (-64 - -53)?
5
What is -3 + 35 + -26 + 2 + (-1 - 0)?
7
Calculate -15 + 6 + 19 + -21.
-11
Evaluate -78 + 72 + (-5 - -8) + -4 + -13.
-20
Evaluate (-32 - -30) + -56 + 30.
-28
Calculat